6
Let n(a) = 3*a**2 + 136*a + 173. Calculate n(-44).
-3
Let n(q) = 2*q**3 + 2*q**2 - 2*q - 3. What is n(-2)?
-7
Let c(r) = -r**2 - 7*r + 8. Give c(-6).
14
Let o(g) = 4*g**3 + 2*g**2 - 4*g + 2. Give o(2).
34
Let a(j) = -j**2 - 13*j - 12. Calculate a(-5).
28
Let q(r) = 3*r + 54. Determine q(-17).
3
Let h(f) = -f - 18. Give h(-24).
6
Let h(k) = -5*k + 12. What is h(5)?
-13
Let q(m) = -31*m - 7. What is q(1)?
-38
Let k(v) = -v**3 + 14*v**2 + 7*v - 1. Determine k(14).
97
Let k(j) = -j**3 + 5*j**2 - 2*j + 3. Give k(4).
11
Let q(m) = -m**3 + 4*m**2 + 7*m - 6. Give q(4).
22
Let m(z) = -z - 6. What is m(-4)?
-2
Let o(p) = -72*p + 506. Give o(7).
2
Let y(q) = q**3 + 34*q**2 + 65*q + 73. Calculate y(-32).
41
Let s(j) = -10*j - 120. What is s(-11)?
-10
Let t(r) = r**3 - 10*r**2 + 14*r + 8. What is t(7)?
-41
Let b(f) = f - 13. What is b(6)?
-7
Let p(c) = c**2 + 10*c - 32. What is p(5)?
43
Let o(y) = -7*y + 46. What is o(7)?
-3
Let a(h) = h**2 + 7*h - 4. Calculate a(-9).
14
Let u(x) = x**2 + 12*x + 1. Calculate u(-7).
-34
Let z(x) = x**3 - x**2 + 30. Determine z(0).
30
Let z(v) = -11*v - 392. Give z(-35).
-7
Let d(z) = 15*z**2 - 7*z - 7. What is d(-1)?
15
Let f(v) = 2*v - 19. Determine f(7).
-5
Let c(x) = x**3 + 2*x**2 + 6*x + 1. What is c(-2)?
-11
Let h(d) = -4*d**2 - 36*d - 11. Give h(-9).
-11
Let u(d) = -d**3 - 16*d**2 - d - 13. Calculate u(-16).
3
Let l(z) = -z**2 - z + 6. Give l(-5).
-14
Let p(y) = y**3 - 5*y**2 - 10. What is p(5)?
-10
Let q(p) = p**2 - 31*p + 29. Determine q(30).
-1
Let m(c) = -c**2 + 11*c - 45. Determine m(6).
-15
Let y(m) = -m**2 + 9*m + 165. Determine y(-9).
3
Let a(z) = z**3 + z**2 - z - 7. Give a(0).
-7
Let m(t) = 26*t**3 + t**2 + t + 4. Give m(-2).
-202
Let w(g) = -g**3 - 6*g**2 - 5*g + 4. What is w(-5)?
4
Let b(g) = -5*g + 21. Give b(0).
21
Let p(z) = z**3 + 12*z**2 + 12*z + 5. Determine p(-11).
-6
Let r(x) = 5*x**2 + 53*x + 25. Calculate r(-10).
-5
Let v(k) = k**2 - 16*k - 7. What is v(16)?
-7
Let r(o) = -5*o**2 - 7*o - 5. Give r(-2).
-11
Let k(v) = -v**3 + 7*v**2 - 2*v - 34. Give k(7).
-48
Let k(u) = 2*u - 32. Calculate k(14).
-4
Let g(k) = -3*k**2 - k. What is g(-1)?
-2
Let b(m) = m**3 + 4*m**2 + 5*m - 1. Determine b(-5).
-51
Let v(h) = -2*h**3 - 4*h**2 - 2*h - 5. Calculate v(-3).
19
Let r(v) = v**2 - 6*v - 4. Calculate r(6).
-4
Let k(w) = -w - 66. Calculate k(15).
-81
Let o(j) = -j + 61. Determine o(18).
43
Let t(b) = -2*b**2 + 66*b - 222. Calculate t(29).
10
Let l(z) = z**2 + 5*z + 4. Give l(-10).
54
Let p(s) = 4*s - 102. Give p(28).
10
Let w(c) = 12*c**3 - c. Give w(1).
11
Let m(q) = -q**3 - 11*q**2 + 3*q - 8. Determine m(-11).
-41
Let v(k) = -k - 26. What is v(-15)?
-11
Let i(b) = -2*b**2 + 29*b + 18. Give i(15).
3
Let z(x) = -x**2 - 22*x + 26. Determine z(-21).
47
Let q(o) = 4*o**2 + 5*o - 24. Determine q(6).
150
Let o(u) = -u**2 + 7*u + 15. What is o(9)?
-3
Let t(p) = p**3 - p - 6. Calculate t(0).
-6
Let f(z) = 6*z + 47. What is f(-9)?
-7
Let x(b) = b**2 + b - 13. Determine x(-5).
7
Let f(n) = -n**2 - 7*n + 4. Calculate f(-9).
-14
Let y(r) = 40*r**2 + 1. Give y(-1).
41
Let y(q) = 5*q**2 - 8*q + 16. Calculate y(6).
148
Let y(s) = s**3 - 5*s**2 - 9*s + 7. Give y(6).
-11
Let v(z) = z**2 - 6*z - 18. Calculate v(-5).
37
Let x(i) = i**3 - i**2 - i + 31. Calculate x(0).
31
Let c(u) = -4*u + 1. Calculate c(3).
-11
Let n(x) = 5*x**3 - 2*x + 2. Give n(-2).
-34
Let y(k) = -2*k**2 + 15*k + 5. Determine y(8).
-3
Let d(a) = -a**2 + 3*a + 11. Calculate d(5).
1
Let b(w) = 35*w - 42. What is b(1)?
-7
Let x(r) = r**3 - 10*r**2 + 9*r - 16. Give x(6).
-106
Let v(p) = -7*p - 50. Give v(-7).
-1
Let n(b) = -4*b**2 + 2*b. Calculate n(-3).
-42
Let n(c) = 4*c + 2. Give n(2).
10
Let u(d) = -d + 8. Determine u(20).
-12
Let g(u) = 4*u - 13. Determine g(4).
3
Let j(n) = -n + 10. Determine j(22).
-12
Let v(f) = f**3 - 10*f**2 - 12*f + 14. Give v(11).
3
Let j(l) = -2*l + 30. What is j(19)?
-8
Let i(r) = 6*r + 7. Determine i(3).
25
Let a(h) = 2*h**3 + 2*h**2 + 8*h + 6. What is a(-1)?
-2
Let g(h) = 4*h + 4. Calculate g(-6).
-20
Let n(w) = -4*w - 27. Calculate n(-8).
5
Let b(u) = -u**3 + 9*u**2 + 9. Give b(9).
9
Let b(l) = -l**2 + 27*l + 319. Determine b(36).
-5
Let z(o) = o**2 + 21*o - 93. Give z(-25).
7
Let i(v) = -v**3 - v**2 + v - 25. Calculate i(0).
-25
Let j(f) = -f**2. Give j(1).
-1
Let u(y) = -y**3 - 9*y**2 - 7*y + 10. What is u(-8)?
2
Let n(c) = -c**3 - 6*c**2 - 6*c - 7. Determine n(-6).
29
Let t(q) = q**3 + 2*q**2 - 4*q. Give t(-2).
8
Let z(o) = -o**3 + 24*o - 8. Calculate z(-5).
-3
Let h(t) = t**3 + 6*t**2 + 4*t + 15. Give h(-6).
-9
Let d(z) = 4*z - 3. What is d(-1)?
-7
Let o(x) = -x**2 + 5*x - 7. Determine o(5).
-7
Let q(y) = y + 16. Determine q(12).
28
Let u(r) = 8*r - 50. Give u(7).
6
Let r(c) = 26*c - 22. Give r(1).
4
Let a(g) = -g**2 - 8*g - 4. Calculate a(-8).
-4
Let i(k) = -k**2 + 6*k. Determine i(0).
0
Let p(f) = -f**2 + 8*f - 5. Calculate p(6).
7
Let d(t) = t**3 - 8*t**2 + 18*t - 10. Determine d(5).
5
Let g(h) = h**2 - 1. Give g(4).
15
Let q(c) = c**3 - c**2 - c + 26. Give q(0).
26
Let m(u) = -3*u**2 - 30*u + 5. Give m(-11).
-28
Let v(l) = -l**2 - 33*l + 111. What is v(-36)?
3
Let d(k) = k**2 - 12*k - 22. Give d(13).
-9
Let g(c) = 4*c**2 + 7*c - 12. What is g(-5)?
53
Let g(j) = -j**3 + 2*j**2 - j + 18. What is g(3)?
6
Let a(o) = o**3 - 3*o**2 - 7*o + 14. What is a(4)?
2
Let n(d) = d**3 - 8*d**2 - 11*d + 12. Calculate n(9).
-6
Let l(z) = -z**3 + z**2 + z - 4. What is l(0)?
-4
Let g(b) = b**3 + 3*b**2 - 4*b + 7. Give g(-5).
-23
Let k(g) = -3*g**2 + 11*g - 14. Determine k(7).
-84
Let z(f) = -f**2 + f - 33. Give z(-6).
-75
Let z(c) = 2*c**2 + 67*c + 21. Give z(-33).
-12
Let r(g) = -370*g - 375. Give r(-1).
-5
Let f(h) = -h**3 + 10*h**2 - h - 7. Give f(9).
65
Let m(v) = v**3 - v**2 - 11*v - 7. What is m(-4)?
-43
Let n(g) = g**2 - 6*g - 1. Determine n(6).
-1
Let h(u) = 11*u - 70. Determine h(7).
7
Let c(m) = 3*m + 7. Give c(-4).
-5
Let d(m) = -m**2 + 6*m + 7. Give d(5).
12
Let j(a) = -a**3 - 4*a**2 + a - 2. What is j(-3)?
-14
Let d(y) = -y**2 - y + 196. Give d(-15).
-14
Let v(b) = -15*b**3 + 2*b**2 + 2*b + 1. Give v(-1).
16
Let k(h) = -h**2 + h + 15. Give k(0).
15
Let a(v) = 3*v**3 - v**2 + 2*v - 2. Give a(1).
2
Let b(n) = -n**3 + 8*n**2 - 11*n + 34. What is b(7)?
6
Let y(g) = 7*g**2 - 12*g - 16. Determine y(3).
11
Let b(j) = 9*j - 2. Calculate b(-3).
-29
Let z(s) = -5*s + 90. Determine z(19).
-5
Let c(l) = -2*l**3 - 44*l**2 - 2*l - 41. Calculate c(-22).
3
Let t(i) = -15*i**2 + 3*i - 5. What is t(2)?
-59
Let c(z) = -20*z**2 + z - 1. What is c(1)?
-20
Let c(r) = -r**3 + 16*r**2 - 28*r - 14. What is c(14)?
-14
Let v(l) = -10*l + 25. Determine v(11).
-85
Let h(r) = -8*r**2 - 7*r - 8. Calculate h(-3).
-59
Let n(g) = 4*g - 7. Give n(6).
17
Let m(u) = 4*u**2 - 53*u + 10. Calculate m(13).
-3
Let h(k) = 2*k - 2. Determine h(-5).
-12
Let k(g) = -g**3 - 9*g**2 - 14*g. What is k(-7)?
0
Let i(h) = h**3 - 8*h**2 + 7*h + 7. Calculate i(7).
7
Let h(d) = d**2 + 25*d - 60. What is h(-25)?
-60
Let z(v) = v**2 + 3*v - 28. Give z(-8).
12
Let v(d) = -34*d + 1. Determine v(1).
-33
Let i(m) = 25*m - 204. What is i(8)?
-4
Let c(l) = -2*l + 6. What is c(3)?
0
Let d(b) = -2*b**2 + 11*b - 30. Give d(5).
-25
Let j(r) = 14*r + 28. Give j(6).
112
Let q(c) = 3*c**3 - c**2. Give q(-1).
-4
Let a(h) = h**3 + 12*h**2 - 7*h + 36. Give a(-13).
-42
Let y(f) = f**2 + 6*f - 13. Determine y(-7).
-6
Let h(v) = v**2 - 43*v + 396. Calculate h(13).
6
Let r(w) = -w**3 + 3*w**2 + 6*w + 9. What is r(4)?
17
Let i(p) = 7*p - 225. Determine i(31).
-8
Let w(i) = -i**3 - 5*i**2 + 5*i + 4. Calculate w(-6).
10
Let w(s) = s**3 - s**2 + 4*s - 5. Calculate w(4).
59
Let h(f) = f**2 - 20*f - 97. Determine h(24).
-1
Let n(u) = 19*u - 32. Calculate n(3).
25
Let o(y) = -y**3 + 19*y**2 + 39*y + 1. What is o(21)?
-62
Let p(b) = b**3 + 5*b**2 + 4*b + 11. Give p(-5).
-9
Let t(x) = x**3 + 9*x**2 - 9*x - 11. Give t(-10).
-21
Let c(k) = k**2 - 5*k + 12. Calculate c(6).
18
Let r(s) = s**3 - 38*s**2 - 78*s - 94. What is r(40)?
-14
Let d(n) = -9*n + 4. Determine d(-4).
40
Let o(h) = h**3 + 6*h**2 - 6*h + 8. Give o(-7).
1
Let a(p) = p**2 + 7*p - 2. Determine a(-6).
-8
Let u(o) = -31*o + 472. What is u(15)?
7
Let r(v) = v**3 - 8*v**2 - 4*v + 29. What is r(8)?
-3
Let p(t) = t**2 + 12*t + 17. Give p(-10).
-3
L